*y(x) + 5*t(x). Give q(m).
3
Let w(g) = -g**3 + 5*g**2 + 6*g - 1. Suppose 7*q - 32 = -5*u + 5*q, u - 6*q = 0. Give w(u).
-1
Let s(a) = -a**3 - 7*a**2 - 5*a + 6. Let j be ((-4)/(-3))/((-56)/252). Calculate s(j).
0
Let p(b) = -2*b. Let v(y) = y + 1. Let h(u) = -p(u) + 4*v(u). Give h(-2).
-8
Let p be -1 + 0 + 2 + -1. Suppose 2*j + 3*j - 20 = p. Let a(x) = -7*x - x + j*x + 3*x. What is a(6)?
-6
Let c(v) = -v**2 - 5*v + 3. Let m(z) = 3*z**2 - 11*z - 10. Let d be m(7). Let n = -66 + d. What is c(n)?
-3
Let h(u) = -3 + 3824*u - 3831*u + 0. What is h(-4)?
25
Let x(o) be the third derivative of -o**4/3 + o**2 + 194. Calculate x(4).
-32
Let o be (-4 - -7)/((-12)/(-80)). Let q be (3/4)/(3/o). Let z(d) = -d + 10. Let y(a) = -a + 9. Let g(h) = 5*y(h) - 4*z(h). Calculate g(q).
0
Let o(h) = -19*h**3 + 8*h**3 + 7*h**3 - 30 + 5*h**3. Determine o(0).
-30
Let z(k) = k + 4. Suppose 5*n = o + 8, 3*n = 2*n + o + 4. Suppose -n = -2*r - y, -y = 3*r - 5*r - 5. Let f be r + -2*3/(-6). Determine z(f).
4
Suppose -h - 23 = -8. Let o be (18/h)/(6/(-20)). Let g = o + -3. Let y(a) = 3*a**2 + 1. What is y(g)?
4
Let j(d) = 8*d + 14. Let u(c) = 7*c + 13. Let v(g) = -4*j(g) + 5*u(g). Let n be v(-3). Let a(o) = o + 6. Calculate a(n).
6
Suppose -3*v + 202 = 5*g, 2*g - 11 - 53 = 3*v. Let k = 34 - g. Let f(i) = 2*i + 1. Give f(k).
-7
Suppose -a = -6*a + 2*m + 10, 5*a = 5*m - 5. Let u be 1/(24/(-28) + 1). Let y(o) = a*o + 1 - u*o + 4*o. What is y(3)?
4
Let b(g) = -2*g**3 - 15*g**2 - 10*g - 10. Let f be b(-7). Suppose -f = 13*l - 2*l. Let n(p) be the second derivative of -4*p**3/3 + p. Determine n(l).
8
Let n(w) = 2 + 2 - 3*w + 3 - 3. Let z(k) = k**2 - 4. Let u be z(-3). What is n(u)?
-11
Let b(g) = -9*g + 10*g - 4 + g. Give b(6).
8
Let k be (-2 + 4)*(18/(-4))/(-3). Let m(l) = 3 - k + 2 + 2 + l. Calculate m(-6).
-2
Let s be (-10)/4 + 33/6. Let f(j) = 3*j - s - 7 + 0 - 2*j. Calculate f(8).
-2
Suppose -4*v + 18 = -v. Let k = v + -7. Let w(n) = -37*n + 76*n - 43*n. Determine w(k).
4
Suppose -3*y + 20 = 2*f - 3*f, 0 = -4*y - 2*f + 10. Let n(z) = 19*z**2 - 23*z + 3. Let c(v) = 12*v**2 - 15*v + 2. Let q(b) = -8*c(b) + 5*n(b). Calculate q(y).
-1
Suppose 46*s = 80*s - 136. Let v(n) be the first derivative of 1/2*n**2 + 9*n + s - 1/3*n**3. Determine v(0).
9
Let d(p) = -p**2 + p + 5. Suppose -13 = i + 4*j, -5*j + j - 28 = 4*i. What is d(i)?
-25
Suppose 2*w = -4*d + 176, 0*d - 2*d + 92 = 2*w. Let l = d - 44. Let c(b) = -5*b**2 + b. Let h(i) = 6*i**2 - i. Let g(v) = 7*c(v) + 6*h(v). Give g(l).
2
Suppose -6 = -9*h + 6*h. Suppose -h*t + 1 = -9. Let k(f) = f**2 + 4 + 0*f**2 - 1 - 8*f. Calculate k(t).
-12
Let m(d) be the first derivative of d**2/2 + 3*d + 51. Give m(-4).
-1
Let u(v) be the third derivative of v**4/12 - 2*v**3/3 + 4*v**2 + 1. What is u(5)?
6
Let d = -44 - -69. Suppose 13*v + d = 18*v. Let z(c) = 2*c - 5. Determine z(v).
5
Let l = 123 + -113. Let y(f) = -2*f**2 + 20*f + 1. What is y(l)?
1
Let j(l) = -2*l - 2. Let b be (3 - -9)/4 + 1*-12. Calculate j(b).
16
Let c(t) = t**3 - t**2 + t - 22. Let r(g) = -g**3 + 5*g**2 - 6*g. Let o be r(3). Give c(o).
-22
Let g = 49 + -55. Let n(i) = -5*i**2 + 7*i + 5. Let m(f) = -f**2 + f + 1. Let q(p) = g*m(p) + n(p). Calculate q(-3).
5
Let j(f) be the first derivative of -f**4/12 + 2*f**3/3 - 4*f**2 + 3. Let k(n) be the second derivative of j(n). Determine k(6).
-8
Let v(l) = -5*l + l**3 + l + 0*l**3 + 2 + l. Give v(2).
4
Let w(c) be the third derivative of c**6/120 - c**5/20 - c**4/6 - c**3 + 333*c**2 - 2*c. Give w(-2).
-18
Suppose 4*i = 3*u - 159, 5*u + 0*i = 3*i + 254. Let c = u - 56. Let y(t) = t**2 + 6*t - 3. Give y(c).
4
Let y(m) = -m**2 - 18*m + 6. Let n(b) = -b. Let h(l) = 2*n(l) - y(l). Give h(-16).
-6
Let s(w) be the second derivative of -w**5/20 + w**4/3 - w**3/6 - w**2 + 5632*w. Let u = 7 - 4. Determine s(u).
4
Let b(o) = 2*o**2 + 16*o - 8. Let w be b(-9). Let h(z) = z**2 - 8*z - 14. Give h(w).
6
Let u(m) be the first derivative of 0*m**2 - 1 + m - 8/3*m**3. Determine u(-1).
-7
Suppose -2*m + v = -360, 0 = 3*m + 4*v - 450 - 112. Let q(r) = -89 + m + r - 86. Suppose -10 = g - 4. Calculate q(g).
1
Let a = -113 - -118. Suppose -a*v - 4*v - 54 = 0. Let x(n) = n - 5. What is x(v)?
-11
Let s(t) be the third derivative of -t**8/10080 - t**7/5040 - 7*t**5/20 - 6*t**2. Let x(j) be the third derivative of s(j). Calculate x(2).
-10
Let k(r) = -4*r**2 + 8*r + 6. Let a(n) = 2 - 23 - n**2 + 22. Let i(o) = -5*a(o) + k(o). Calculate i(-8).
1
Suppose 3*p + 0*p - 6 = 0. Let w(j) = -8*j**2 + 11*j**2 + 3*j + 10*j**2 - p*j. Determine w(-1).
12
Let z = 33 - 31. Let k(g) = 8 + z*g - 3 + 0*g - 3. What is k(-4)?
-6
Let j(m) = -4*m**2 - 118*m + 53. Let d be j(-30). Let l(i) = -i**2 - 7*i - 6. Determine l(d).
-6
Let f(t) be the third derivative of -t**7/2520 - t**6/240 - t**5/40 + 5*t**4/4 - 6*t**2. Let x(a) be the second derivative of f(a). What is x(-2)?
-1
Let p(s) = s**3 + 7*s**2 - s + 7. Suppose 0 = -9*n + 5*n - 28. What is p(n)?
14
Let q(v) = 15*v - 31 + 11*v - 35 + 68 - 18*v. Determine q(3).
26
Let k be 3/(-12) + 9/(-12). Let u(n) = 4 + 21*n**3 - 7 + n - 14*n**3 - 8*n**3 - n**2. Let d(p) = -p**3 - p**2 - 1. Let j(c) = k*u(c) + 2*d(c). Calculate j(0).
1
Let g(v) = -v. Let s(j) = j**3 + 13*j**2 + 3*j - 5. Let m be s(-12). Let w = m - 104. Calculate g(w).
1
Let d(t) be the second derivative of -t**4/6 + t**3/3 - 3*t**2/2 - t. Let o(z) = -28*z + 366. Let j be o(13). Give d(j).
-7
Let v(c) = c**2 - 4*c - 4. Let q(n) = -n**3 - 3. Suppose 2*b - 3*i - 7 = -1, 2*b + 8 = -4*i. Let o be q(b). Determine v(o).
17
Let u(g) = -g**3 - 2*g**2 - 4*g - 4. Let j(q) = 40*q - 84. Let z be j(2). What is u(z)?
44
Let m(c) = 42*c + 83. Let q be m(-2). Let d(f) be the first derivative of -2*f**2 - f + 3. What is d(q)?
3
Let q(d) be the third derivative of -d**4/24 - 2*d**3 + 455*d**2. Give q(-11).
-1
Let y = 0 + 5. Let s(g) = 0*g**3 + 8 + 2*g**3 + 5*g**2 - 3*g**3 - 3 + y*g. Determine s(6).
-1
Suppose 0 = 3*u - r - 50, 0 = r + 3*r - 4. Let b(v) = -v**3 + 17*v**2 + 2*v - 37. Give b(u).
-3
Let u be ((-128)/(-24))/((48/(-9))/(-8)). Let k(g) = -g**2 + 8*g + 16. What is k(u)?
16
Suppose 6*c - 16 - 2 = 0. Let p be (6/(-8))/(1/(-4)). Let x(u) = 58*u**2 - 57*u**2 + 4 - 2*u + u**p + c*u. Calculate x(0).
4
Let v(w) be the third derivative of -w**4/12 + w**3/6 - 107*w**2. Calculate v(0).
1
Let x(i) = -i**3 + 5*i**2 - 4*i - 4. Suppose 3*q - 2 = 5*v, 106*v = 2*q + 104*v - 4. Calculate x(q).
-4
Let d(p) = p**2 + 5*p - 7. Suppose 6*l + 32 = 10*l. Let g = l + -4. Suppose 2*m = -2*y - 8, -3*y + g = -y. What is d(m)?
-1
Let z(n) = -6*n + 15. Let l(g) = 5*g - 14. Suppose 28 = u + 3*u. Let p(b) = u*l(b) + 6*z(b). Suppose -20 = 4*i + 4. Give p(i).
-2
Suppose -2*n = -3*n - 4, -5*g + 4*n = 9. Suppose 4*c - 41 = -33. Let r(p) = 10 + 8*p + p**c - 21 + 13. Determine r(g).
-13
Let r(p) be the second derivative of p**4/6 + p**3/6 - 3*p**2/2 + 6*p. Determine r(-3).
12
Let o(l) = -l**2 + l - 1. Let m(i) = -i**2 - 15*i - 43. Let a be m(-4). Calculate o(a).
-1
Suppose -1117 = 66*c - 61. Let s(z) = -z**3 - 16*z**2 - 2*z - 36. Calculate s(c).
-4
Let y(f) = -f**2 - 16*f - 12. Suppose 6*k = 5*k + 3*w, 10 = -2*w. What is y(k)?
3
Let h(w) = 6*w**2 - w - 1. Suppose -c = -4*i + 74, -4*c - 44 = -2*i - 0*c. Suppose i = -4*j + 2*q, -3*q + 20 = q. What is h(j)?
25
Let s(q) = -5 - 6*q + 4*q + 0*q. What is s(-5)?
5
Let r(z) = z + 5 + 0 - z**2 + 5*z - 11. Let v(i) = 26*i - 20. Let u be v(1). Give r(u).
-6
Suppose -4*a + 2*b - 19 - 31 = 0, 4*a + b = -47. Let l be a/(-90) - 26/(-30). Let z(g) be the second derivative of 7*g**3/6 - g. Determine z(l).
7
Let w(g) = 3*g**2 + 2*g - 1. Let s(p) = 4*p + 3. Let k be s(5). Suppose -k = -0*z + z. Let t = z - -21. Calculate w(t).
7
Let k(r) = -2*r - 1 - 2 + r**2 + 0. Suppose 0 = -3*t + t + 20. Let f = 13 - t. What is k(f)?
0
Let p(n) = -7*n**2 - 36*n + 3. Let b(x) = -7*x**2 - 37*x + 5. Let h(l) = -4*b(l) + 3*p(l). Calculate h(-6).
1
Let c(y) be the first derivative of -1/4*y**4 + 8/3*y**3 - 4*y**2 + 21 - 7*y. What is c(7)?
-14
Let w(v) = v**2 + 11*v + 26. Let z be w(-8). Let n(s) = -8*s + s**z + 3 + 13*s - 2 + 1. Determine n(-2).
-4
Let j be (2 + -7)*(-4)/10. Suppose 0 = u - j - 1. Let d(x) = -2*x + 5*x - 2*x - u*x - 2. Calculate d(2).
-6
Let x(u) be the third derivative of -u**5/60 - u**4/8 